hat is the ten thousands digit of 6224557?
2
What is the units digit of 40204?
4
What is the ten millions digit of 15966316?
1
What is the ten thousands digit of 67578?
6
What is the ten millions digit of 12710979?
1
What is the tens digit of 3530189?
8
What is the units digit of 362220?
0
What is the tens digit of 20599?
9
What is the units digit of 5572026?
6
What is the thousands digit of 404213?
4
What is the ten thousands digit of 14432036?
3
What is the hundreds digit of 13705029?
0
What is the units digit of 401406?
6
What is the units digit of 6485108?
8
What is the ten thousands digit of 247826?
4
What is the ten thousands digit of 4719958?
1
What is the ten thousands digit of 35832?
3
What is the units digit of 3844575?
5
What is the thousands digit of 232717?
2
What is the units digit of 12203717?
7
What is the thousands digit of 2973616?
3
What is the hundreds digit of 538287?
2
What is the tens digit of 363899?
9
What is the millions digit of 4499026?
4
What is the thousands digit of 813235?
3
What is the ten thousands digit of 4982890?
8
What is the units digit of 4938127?
7
What is the hundred thousands digit of 322914?
3
What is the millions digit of 4612058?
4
What is the thousands digit of 11822227?
2
What is the tens digit of 191147?
4
What is the hundreds digit of 599055?
0
What is the units digit of 15975578?
8
What is the tens digit of 27233?
3
What is the hundred thousands digit of 2825723?
8
What is the thousands digit of 66464?
6
What is the units digit of 10604209?
9
What is the ten thousands digit of 43709?
4
What is the ten thousands digit of 1134974?
3
What is the thousands digit of 1004192?
4
What is the tens digit of 653622?
2
What is the ten thousands digit of 3361080?
6
What is the thousands digit of 78864?
8
What is the hundreds digit of 2611323?
3
What is the thousands digit of 669773?
9
What is the ten thousands digit of 34972235?
7
What is the thousands digit of 146808?
6
What is the hundred thousands digit of 3429697?
4
What is the hundreds digit of 8036547?
5
What is the tens digit of 271195?
9
What is the units digit of 497000?
0
What is the thousands digit of 634771?
4
What is the thousands digit of 480145?
0
What is the millions digit of 4197451?
4
What is the thousands digit of 206598?
6
What is the hundred thousands digit of 252870?
2
What is the hundreds digit of 125123?
1
What is the ten thousands digit of 1173547?
7
What is the hundred thousands digit of 192985?
1
What is the units digit of 1333210?
0
What is the hundreds digit of 782165?
1
What is the tens digit of 1337975?
7
What is the thousands digit of 531361?
1
What is the hundred thousands digit of 1376342?
3
What is the hundred thousands digit of 468495?
4
What is the thousands digit of 3361990?
1
What is the units digit of 3062721?
1
What is the hundreds digit of 148049?
0
What is the tens digit of 245705?
0
What is the units digit of 6939394?
4
What is the hundreds digit of 1162474?
4
What is the hundreds digit of 48349?
3
What is the hundreds digit of 694261?
2
What is the ten millions digit of 21270393?
2
What is the hundred thousands digit of 1196361?
1
What is the units digit of 14565661?
1
What is the ten thousands digit of 238402?
3
What is the ten thousands digit of 771622?
7
What is the hundreds digit of 435084?
0
What is the units digit of 4633236?
6
What is the hundreds digit of 519857?
8
What is the thousands digit of 83733?
3
What is the thousands digit of 22330?
2
What is the hundreds digit of 4046761?
7
What is the ten thousands digit of 428634?
2
What is the tens digit of 1190991?
9
What is the hundreds digit of 184795?
7
What is the ten thousands digit of 11993515?
9
What is the hundred thousands digit of 293778?
2
What is the hundred thousands digit of 1402048?
4
What is the hundreds digit of 24310?
3
What is the ten thousands digit of 51084?
5
What is the hundred thousands digit of 170559?
1
What is the tens digit of 51435?
3
What is the ten millions digit of 26354001?
2
What is the thousands digit of 1758638?
8
What is the thousands digit of 3287242?
7
What is the hundred thousands digit of 1707769?
7
What is the hundreds digit of 344066?
0
What is the units digit of 357267?
7
What is the millions digit of 4037889?
4
What is the hundred thousands digit of 4088517?
0
What is the hundred thousands digit of 185022?
1
What is the hundred thousands digit of 160497?
1
What is the hundreds digit of 11324821?
8
What is the hundred thousands digit of 1809532?
8
What is the tens digit of 200898?
9
What is the hundreds digit of 9660032?
0
What is the millions digit of 3936233?
3
What is the hundred thousands digit of 11806067?
8
What is the units digit of 557314?
4
What is the hundred thousands digit of 3662617?
6
What is the tens digit of 197790?
9
What is the thousands digit of 756267?
6
What is the units digit of 73610?
0
What is the thousands digit of 130763?
0
What is the hundreds digit of 13156858?
8
What is the thousands digit of 1640364?
0
What is the tens digit of 7446779?
7
What is the hundred thousands digit of 12847809?
8
What is the hundred thousands digit of 9032448?
0
What is the thousands digit of 1087184?
7
What is the hundred thousands digit of 388004?
3
What is the hundreds digit of 1039004?
0
What is the tens digit of 1949462?
6
What is the tens digit of 4101929?
2
What is the ten thousands digit of 3682913?
8
What is the hundred thousands digit of 355295?
3
What is the thousands digit of 1001119?
1
What is the thousands digit of 8221399?
1
What is the ten millions digit of 10176729?
1
What is the tens digit of 784995?
9
What is the units digit of 479359?
9
What is the thousands digit of 3489242?
9
What is the tens digit of 80555?
5
What is the tens digit of 15111154?
5
What is the ten thousands digit of 178343?
7
What is the hundreds digit of 129636?
6
What is the hundred thousands digit of 1380648?
3
What is the units digit of 43317?
7
What is the hundreds digit of 315394?
3
What is the ten thousands digit of 17411309?
1
What is the hundred thousands digit of 1355707?
3
What is the ten thousands digit of 2317971?
1
What is the ten millions digit of 13419546?
1
What is the ten thousands digit of 7511556?
1
What is the units digit of 18791595?
5
What is the ten thousands digit of 834572?
3
What is the thousands digit of 650306?
0
What is the units digit of 491261?
1
What is the thousands digit of 905532?
5
What is the hundreds digit of 279150?
1
What is the units digit of 13461?
1
What is the hundred thousands digit of 709820?
7
What is the ten thousands digit of 2899117?
9
What is the tens digit of 4725340?
4
What is the units digit of 694829?
9
What is the hundred thousands digit of 2939005?
9
What is the thousands digit of 7673032?
3
What is the units digit of 1285222?
2
What is the ten thousands digit of 5140564?
4
What is the thousands digit of 567079?
7
What is the thousands digit of 3294412?
4
What is the units digit of 127256?
6
What is the thousands digit of 1253607?
3
What is the tens digit of 89507?
0
What is the tens digit of 630219?
1
What is the millions digit of 21348038?
1
What is the hundred thousands digit of 749006?
7
What is the hundreds digit of 154853?
8
What is the units digit of 213359?
9
What is the units digit of 123085?
5
What is the millions digit of 13942779?
3
What is the thousands digit of 31493729?
3
What is the tens digit of 307342?
4
What is the units digit of 147175?
5
What is the thousands digit of 1669384?
9
What is the tens digit of 2461396?
9
What is the thousands digit of 6739754?
9
What is the units digit of 1313469?
9
What is the millions digit of 1145749?
1
What is the thousands digit of 1537772?
7
What is the thousands digit of 57696?
7
What is the ten thousands digit of 342165?
4
What is the hundreds digit of 433067?
0
What is the hundreds digit of 315633?
6
What is the tens digit of 1486863?
6
What is the thousands digit of 53866?
3
What is the ten thousands digit of 1493675?
9
What is the ten thousands digit of 344021?
4
What is the thousands digit of 292002?
2
What is the thousands digit of 106772?
6
What is the thousands digit of 2607187?
7
What is the tens digit of 2244387?
8
What is the tens digit of 143334?
3
What is the ten thousands digit of 60825?
6
W